{"id":6,"date":"2015-07-14T11:24:29","date_gmt":"2015-07-14T11:24:29","guid":{"rendered":"http:\/\/www.ibardin.net\/?page_id=6"},"modified":"2023-06-27T15:02:01","modified_gmt":"2023-06-27T15:02:01","slug":"informacion-turistica","status":"publish","type":"page","link":"https:\/\/www.ibardin.net\/fr\/informacion-turistica\/","title":{"rendered":"Office de tourisme"},"content":{"rendered":"<a href=\"https:\/\/www.ibardin.net\/wp-content\/uploads\/2023\/06\/Rotulo_INFO_2.jpg\"><span class=\"image-container aligncenter wp-image-3121 size-full\"><img data-attachment-id=\"3121\" data-permalink=\"https:\/\/www.ibardin.net\/fr\/informacion-turistica\/rotulo_info_2\/\" data-orig-file=\"https:\/\/i0.wp.com\/www.ibardin.net\/wp-content\/uploads\/2023\/06\/Rotulo_INFO_2.jpg?fit=1000%2C662&amp;ssl=1\" data-orig-size=\"1000,662\" data-comments-opened=\"1\" data-image-meta=\"{&quot;aperture&quot;:&quot;0&quot;,&quot;credit&quot;:&quot;&quot;,&quot;camera&quot;:&quot;&quot;,&quot;caption&quot;:&quot;&quot;,&quot;created_timestamp&quot;:&quot;0&quot;,&quot;copyright&quot;:&quot;&quot;,&quot;focal_length&quot;:&quot;0&quot;,&quot;iso&quot;:&quot;0&quot;,&quot;shutter_speed&quot;:&quot;0&quot;,&quot;title&quot;:&quot;&quot;,&quot;orientation&quot;:&quot;0&quot;}\" data-image-title=\"Rotulo_INFO_2\" data-image-description=\"\" data-image-caption=\"\" data-medium-file=\"https:\/\/i0.wp.com\/www.ibardin.net\/wp-content\/uploads\/2023\/06\/Rotulo_INFO_2.jpg?fit=300%2C199&amp;ssl=1\" data-large-file=\"https:\/\/i0.wp.com\/www.ibardin.net\/wp-content\/uploads\/2023\/06\/Rotulo_INFO_2.jpg?fit=640%2C424&amp;ssl=1\" decoding=\"async\" loading=\"lazy\" class=\"aligncenter wp-image-3121 size-full\" src=\"https:\/\/i0.wp.com\/www.ibardin.net\/wp-content\/uploads\/2023\/06\/Rotulo_INFO_2.jpg?resize=640%2C424&#038;ssl=1\" alt=\"\" width=\"640\" height=\"424\" srcset=\"https:\/\/i0.wp.com\/www.ibardin.net\/wp-content\/uploads\/2023\/06\/Rotulo_INFO_2.jpg?w=1000&amp;ssl=1 1000w, https:\/\/i0.wp.com\/www.ibardin.net\/wp-content\/uploads\/2023\/06\/Rotulo_INFO_2.jpg?resize=300%2C199&amp;ssl=1 300w, https:\/\/i0.wp.com\/www.ibardin.net\/wp-content\/uploads\/2023\/06\/Rotulo_INFO_2.jpg?resize=768%2C508&amp;ssl=1 768w\" sizes=\"(max-width: 640px) 100vw, 640px\" data-recalc-dims=\"1\" \/><\/span><\/a><\/p>\n<p><strong>D\u00e9couvrez Ibardin<\/strong><\/p>\n<p>A l&rsquo;entr\u00e9e de la zone frontali\u00e8re commerciale d&rsquo;Ibardin, nous trouverons le Point d&rsquo;Information Touristique, g\u00e9r\u00e9 par les mairies de Bera et Urru\u00f1a, qui offre toutes les informations touristiques sur les services et les attractions naturelles d&rsquo;Ibardin (services, promenades p\u00e9destres et randonn\u00e9es), ainsi que par rapport aux municipalit\u00e9s de Bera et Urru\u00f1a, pour une plus grande jouissance d\u2019un espace commercial dans la Montagne de la C\u00f4te Basque<\/p>\n<p>Le col d\u00b4Ibardin, dot\u00e9 d\u00b4une beaut\u00e9 naturelle et d\u00b4un paysage unique, se trouve au d\u00e9but de la cha\u00eene pyr\u00e9n\u00e9enne occidentale, sur l\u00b4un des premiers sommets rencontr\u00e9s en partant de la fronti\u00e8re de la Bidassoa.<br \/>\nSi les douanes y rest\u00e8rent jusqu\u00b4en 1993, les relations sociales, culturelles et commerciales d\u00e9s deux c\u00f4t\u00e9s du col faisaient partie d\u00b4une longue histoire.<br \/>\nOn y construisit en 1956 le premier de ces b\u00e2timents encore pr\u00e9sents actuellement. Nous vous invitons \u00e0 conna\u00eetre l\u00b4histoire, les paysages, les promenades et les vues imprenables de cet endroit.","protected":false},"excerpt":{"rendered":"<p>D\u00e9couvrez Ibardin A l&rsquo;entr\u00e9e de la zone frontali\u00e8re commerciale d&rsquo;Ibardin, nous trouverons le Point d&rsquo;Information Touristique, g\u00e9r\u00e9 par les mairies de Bera et Urru\u00f1a, qui offre toutes les informations touristiques sur les services et les attractions naturelles d&rsquo;Ibardin (services, promenades p\u00e9destres et randonn\u00e9es), ainsi que par rapport aux municipalit\u00e9s de Bera et Urru\u00f1a, pour une plus grande jouissance d\u2019un espace commercial dans la Montagne&#8230; <a class=\"read-more\" href=\"https:\/\/www.ibardin.net\/fr\/informacion-turistica\/\">Read More<\/a><\/p>\n","protected":false},"author":1,"featured_media":0,"parent":0,"menu_order":0,"comment_status":"closed","ping_status":"closed","template":"template-full.php","meta":{"ngg_post_thumbnail":0,"jetpack_post_was_ever_published":false},"aioseo_notices":[],"jetpack_sharing_enabled":true,"jetpack_shortlink":"https:\/\/wp.me\/P6tRZc-6","jetpack-related-posts":[],"_links":{"self":[{"href":"https:\/\/www.ibardin.net\/fr\/wp-json\/wp\/v2\/pages\/6"}],"collection":[{"href":"https:\/\/www.ibardin.net\/fr\/wp-json\/wp\/v2\/pages"}],"about":[{"href":"https:\/\/www.ibardin.net\/fr\/wp-json\/wp\/v2\/types\/page"}],"author":[{"embeddable":true,"href":"https:\/\/www.ibardin.net\/fr\/wp-json\/wp\/v2\/users\/1"}],"replies":[{"embeddable":true,"href":"https:\/\/www.ibardin.net\/fr\/wp-json\/wp\/v2\/comments?post=6"}],"version-history":[{"count":14,"href":"https:\/\/www.ibardin.net\/fr\/wp-json\/wp\/v2\/pages\/6\/revisions"}],"predecessor-version":[{"id":3134,"href":"https:\/\/www.ibardin.net\/fr\/wp-json\/wp\/v2\/pages\/6\/revisions\/3134"}],"wp:attachment":[{"href":"https:\/\/www.ibardin.net\/fr\/wp-json\/wp\/v2\/media?parent=6"}],"curies":[{"name":"wp","href":"https:\/\/api.w.org\/{rel}","templated":true}]}}

<a href="https://www.ibardin.net/wp-content/uploads/2023/06/Rotulo_INFO_2.jpg"><span class="image-container aligncenter wp-image-3121 size-full"><img data-attachment-id="3121" data-permalink="https://www.ibardin.net/fr/informacion-turistica/rotulo_info_2/" data-orig-file="https://i0.wp.com/www.ibardin.net/wp-content/uploads/2023/06/Rotulo_INFO_2.jpg?fit=1000%2C662&amp;ssl=1" data-orig-size="1000,662" data-comments-opened="1" data-image-meta="{&quot;aperture&quot;:&quot;0&quot;,&quot;credit&quot;:&quot;&quot;,&quot;camera&quot;:&quot;&quot;,&quot;caption&quot;:&quot;&quot;,&quot;created_timestamp&quot;:&quot;0&quot;,&quot;copyright&quot;:&quot;&quot;,&quot;focal_length&quot;:&quot;0&quot;,&quot;iso&quot;:&quot;0&quot;,&quot;shutter_speed&quot;:&quot;0&quot;,&quot;title&quot;:&quot;&quot;,&quot;orientation&quot;:&quot;0&quot;}" data-image-title="Rotulo_INFO_2" data-image-description="" data-image-caption="" data-medium-file="https://i0.wp.com/www.ibardin.net/wp-content/uploads/2023/06/Rotulo_INFO_2.jpg?fit=300%2C199&amp;ssl=1" data-large-file="https://i0.wp.com/www.ibardin.net/wp-content/uploads/2023/06/Rotulo_INFO_2.jpg?fit=640%2C424&amp;ssl=1" decoding="async" loading="lazy" class="aligncenter wp-image-3121 size-full" src="https://i0.wp.com/www.ibardin.net/wp-content/uploads/2023/06/Rotulo_INFO_2.jpg?resize=640%2C424&#038;ssl=1" alt="" width="640" height="424" srcset="https://i0.wp.com/www.ibardin.net/wp-content/uploads/2023/06/Rotulo_INFO_2.jpg?w=1000&amp;ssl=1 1000w, https://i0.wp.com/www.ibardin.net/wp-content/uploads/2023/06/Rotulo_INFO_2.jpg?resize=300%2C199&amp;ssl=1 300w, https://i0.wp.com/www.ibardin.net/wp-content/uploads/2023/06/Rotulo_INFO_2.jpg?resize=768%2C508&amp;ssl=1 768w" sizes="(max-width: 640px) 100vw, 640px" data-recalc-dims="1" /></span></a></p>
<p><strong>Découvrez Ibardin</strong></p>
<p>A l&rsquo;entrée de la zone frontalière commerciale d&rsquo;Ibardin, nous trouverons le Point d&rsquo;Information Touristique, géré par les mairies de Bera et Urruña, qui offre toutes les informations touristiques sur les services et les attractions naturelles d&rsquo;Ibardin (services, promenades pédestres et randonnées), ainsi que par rapport aux municipalités de Bera et Urruña, pour une plus grande jouissance d’un espace commercial dans la Montagne de la Côte Basque</p>
<p>Le col d´Ibardin, doté d´une beauté naturelle et d´un paysage unique, se trouve au début de la chaîne pyrénéenne occidentale, sur l´un des premiers sommets rencontrés en partant de la frontière de la Bidassoa.<br />
Si les douanes y restèrent jusqu´en 1993, les relations sociales, culturelles et commerciales dés deux côtés du col faisaient partie d´une longue histoire.<br />
On y construisit en 1956 le premier de ces bâtiments encore présents actuellement. Nous vous invitons à connaître l´histoire, les paysages, les promenades et les vues imprenables de cet endroit.

<p>Découvrez Ibardin A l&rsquo;entrée de la zone frontalière commerciale d&rsquo;Ibardin, nous trouverons le Point d&rsquo;Information Touristique, géré par les mairies de Bera et Urruña, qui offre toutes les informations touristiques sur les services et les attractions naturelles d&rsquo;Ibardin (services, promenades pédestres et randonnées), ainsi que par rapport aux municipalités de Bera et Urruña, pour une plus grande jouissance d’un espace commercial dans la Montagne&#8230; <a class="read-more" href="https://www.ibardin.net/fr/informacion-turistica/">Read More</a></p>
